{"id":672,"date":"2016-11-19T12:19:14","date_gmt":"2016-11-19T11:19:14","guid":{"rendered":"http:\/\/empathieweb.de\/klavae\/privatkunden\/?page_id=672"},"modified":"2024-04-25T09:42:09","modified_gmt":"2024-04-25T07:42:09","slug":"kontakt","status":"publish","type":"page","link":"https:\/\/schreinerei-vaeth.de\/privatkunden\/kontakt\/","title":{"rendered":"Kontakt"},"content":{"rendered":"<div id=\"pl-672\"  class=\"panel-layout\" ><div id=\"pg-672-0\"  class=\"panel-grid panel-has-style\" ><div class=\"panel-row-style panel-row-style-for-672-0\" ><div id=\"pgc-672-0-0\"  class=\"panel-grid-cell\" ><div id=\"panel-672-0-0-0\" class=\"so-panel widget widget_sow-headline panel-first-child panel-last-child\" data-index=\"0\" ><div\n\t\t\t\n\t\t\tclass=\"so-widget-sow-headline so-widget-sow-headline-default-1d2382ae9175-672\"\n\t\t\t\n\t\t><div class=\"sow-headline-container \">\n\t\t\t\t\t\t\t<h2 class=\"sow-headline\">\n\t\t\t\t\t\tKontakt\t\t\t\t\t\t<\/h2>\n\t\t\t\t\t\t\t\t\t\t\t<div class=\"decoration\">\n\t\t\t\t\t\t<div class=\"decoration-inside\"><\/div>\n\t\t\t\t\t<\/div>\n\t\t\t\t\t<\/div>\n<\/div><\/div><\/div><\/div><\/div><div id=\"pg-672-1\"  class=\"panel-grid panel-no-style\" ><div id=\"pgc-672-1-0\"  class=\"panel-grid-cell\" ><div id=\"panel-672-1-0-0\" class=\"so-panel widget widget_sow-editor panel-first-child\" data-index=\"1\" ><div\n\t\t\t\n\t\t\tclass=\"so-widget-sow-editor so-widget-sow-editor-base\"\n\t\t\t\n\t\t>\n<div class=\"siteorigin-widget-tinymce textwidget\">\n\t<p>Ihr Kontakt zu uns:<\/p>\n<p>Schreinerei V\u00e4th<br \/>\nPeter V\u00e4th e.K.<br \/>\nHauptstr. 15<br \/>\n97839 Esselbach<\/p>\n<p>Tel. +49 (0) 9394\u00a0 22 00<br \/>\nMail <a href=\"mailto:info@schreinerei-vaeth.de\">info@schreinerei-vaeth.de<\/a><\/p>\n<\/div>\n<\/div><\/div><div id=\"panel-672-1-0-1\" class=\"so-panel widget widget_sow-editor panel-last-child\" data-index=\"2\" ><div\n\t\t\t\n\t\t\tclass=\"so-widget-sow-editor so-widget-sow-editor-base\"\n\t\t\t\n\t\t>\n<div class=\"siteorigin-widget-tinymce textwidget\">\n\t<p><iframe loading=\"lazy\" style=\"border: 0;\" src=\"https:\/\/www.google.com\/maps\/embed?pb=!1m18!1m12!1m3!1d1286.2530535467558!2d9.527146978067641!3d49.851736998340236!2m3!1f0!2f0!3f0!3m2!1i1024!2i768!4f13.1!3m3!1m2!1s0x47a2b098177a2923%3A0x3fc8d22e77a11805!2sKlaus+V%C3%A4th+Schreinerei!5e0!3m2!1sde!2sde!4v1489395146888\" width=\"600\" height=\"350\" frameborder=\"0\" allowfullscreen=\"allowfullscreen\"><\/iframe><\/p>\n<\/div>\n<\/div><\/div><\/div><div id=\"pgc-672-1-1\"  class=\"panel-grid-cell\" ><div id=\"panel-672-1-1-0\" class=\"so-panel widget widget_sow-editor panel-first-child panel-last-child\" data-index=\"3\" ><div\n\t\t\t\n\t\t\tclass=\"so-widget-sow-editor so-widget-sow-editor-base\"\n\t\t\t\n\t\t>\n<div class=\"siteorigin-widget-tinymce textwidget\">\n\t<form enctype=\"multipart\/form-data\" method=\"post\" id=\"psfb1418\" action=\"https:\/\/schreinerei-vaeth.de\/privatkunden\/kontakt\/\" class=\"planso-form-builder\" data-id=\"1418\" data-cnt=\"1\" id=\"planso_forms_1418_1\" data-locale=\"de\" data-locale_long=\"de_DE\" data-datepicker=\"bootstrap-datetimepicker\" data-date_format=\"j. F Y\" data-moment_date_format=\"D. MMMM YYYY\" data-jqueryui_date_format=\"d. MM yy\" data-eternicode_date_format=\"d. MM yyyy\"><style type=\"text\/css\">#psfb1418 .has-error,#psfb1418 .has-error label.control-label{color:#DD0000;}#psfb1418 .has-error input,#psfb1418 .has-error textarea,#psfb1418 .has-error select{color:#DD0000;border-color:#DD0000;}#psfb1418 .has-success,#psfb1418 .has-success label.control-label{color:#618581;}#psfb1418 .has-success input,#psfb1418 .has-success textarea,#psfb1418 .has-success select{color:#618581;border-color:#618581;}#psfb1418 .has-warning,#psfb1418 .has-warning label.control-label{color:#DD9900;}#psfb1418 .has-warning input,#psfb1418 .has-warning textarea,#psfb1418 .has-warning select{color:#DD9900;border-color:#DD9900;}<\/style><div class=\"container-fluid\"><input type=\"hidden\" name=\"psfb_pageurl\" value=\"https:\/\/schreinerei-vaeth.de\/privatkunden\/kontakt\/\"\/><input type=\"hidden\" name=\"psfb_userip\" value=\"216.73.216.216\"\/><input type=\"hidden\" name=\"psfb_useragent\" value=\"Mozilla\/5.0 AppleWebKit\/537.36 (KHTML, like Gecko; compatible; ClaudeBot\/1.0; +claudebot@anthropic.com)\"\/><input type=\"hidden\" name=\"psfb_landingpage\" value=\"http:\/\/schreinerei-vaeth.de\/privatkunden\/wp-json\/wp\/v2\/pages\/672\"\/><input type=\"hidden\" name=\"psfb_referer\" value=\"Direct\"\/><input type=\"hidden\" name=\"psfb_page_id\" value=\"672\"\/><input type=\"hidden\" name=\"psfb_form_submit\" value=\"1\"\/><input type=\"hidden\" name=\"psfb_form_id\" value=\"1418\"\/><input type=\"hidden\" name=\"psfb_form_cnt\" value=\"1\"\/><div style=\"display:none\"><input type=\"text\" name=\"psfb_hon_as\"\/><\/div><div style=\"display:none\"><input type=\"text\" name=\"psfb_hon_as2\" id=\"psfb_hon_as2_1418_1\" value=\"6139fd28a6c9f3aecefd950e4839e42d\"\/><\/div><div style=\"display:none\"><input type=\"text\" name=\"psfb_cnt_check\" value=\"1\"\/><\/div><div class=\"row\"><div class=\"col-md-12\"><div class=\"form-group psfb-single-container\"><div class=\"checkbox_wrapper\"><label class=\"checkbox-inline checkbox_wrapper\" style=\"\"><input type=\"checkbox\" value=\"Herr\" name=\"Checkbox[]\" id=\"psfield_1418_1_1\">Herr<\/label><label class=\"checkbox-inline checkbox_wrapper\" style=\"\"><input type=\"checkbox\" value=\"Frau\" name=\"Checkbox[]\" id=\"psfield_1418_1_2\">Frau<\/label><\/div><\/div><\/div><\/div><div class=\"row\"><div class=\"col-md-12\"><div class=\"form-group psfb-single-container\"><label class=\"control-label\" for=\"psfield_1418_2\">Name \/ Vorname<\/label><input type=\"text\" name=\"Name___Vorname\" class=\"form-control  \" id=\"psfield_1418_2\" style=\"\"\/><\/div><\/div><\/div><div class=\"row\"><div class=\"col-md-12\"><div class=\"form-group psfb-single-container\"><label class=\"control-label\" for=\"psfield_1418_3\">Firma<\/label><input type=\"text\" name=\"Firma\" class=\"form-control  \" id=\"psfield_1418_3\" style=\"\"\/><\/div><\/div><\/div><div class=\"row\"><div class=\"col-md-12\"><div class=\"form-group psfb-single-container\"><label class=\"control-label\" for=\"psfield_1418_4\">Stra\u00dfe \/ Hausnummer<\/label><input type=\"text\" name=\"Stra_e___Hausnummer\" class=\"form-control  \" id=\"psfield_1418_4\" style=\"\"\/><\/div><\/div><\/div><div class=\"row\"><div class=\"col-md-12\"><div class=\"form-group psfb-single-container\"><label class=\"control-label\" for=\"psfield_1418_5\">PLZ \/ Wohnort<\/label><input type=\"text\" name=\"PLZ___Wohnort\" class=\"form-control  \" id=\"psfield_1418_5\" style=\"\"\/><\/div><\/div><\/div><div class=\"row\"><div class=\"col-md-12\"><div class=\"form-group psfb-single-container\"><label class=\"control-label\" for=\"psfield_1418_6\">Telefon<\/label><input type=\"text\" name=\"Telefon\" class=\"form-control  \" id=\"psfield_1418_6\" style=\"\"\/><\/div><\/div><\/div><div class=\"row\"><div class=\"col-md-12\"><div class=\"form-group psfb-single-container\"><label class=\"control-label\" for=\"psfield_1418_7\">E-Mail<\/label><input type=\"text\" name=\"E_Mail\" class=\"form-control  \" id=\"psfield_1418_7\" style=\"\"\/><\/div><\/div><\/div><div class=\"row\"><div class=\"col-md-12\"><div class=\"form-group psfb-single-container\"><label class=\"control-label\" for=\"psfield_1418_8\">Ihre Nachricht<\/label><textarea name=\"Ihre_Nachricht\" class=\"form-control  \" id=\"psfield_1418_8\" style=\"\"><\/textarea><\/div><\/div><\/div><div class=\"row\"><div class=\"col-md-12\"><div class=\"form-group psfb-single-container\"><div style=\"position:relative;z-index:1;\"><button type=\"submit\" class=\"btn btn-primary      \" id=\"psfield_1418_9\" style=\"\">Senden<\/button><\/div><\/div><\/div><\/div><\/div><\/form>\n<\/div>\n<\/div><\/div><\/div><\/div><\/div>","protected":false},"excerpt":{"rendered":"<p>Ihr Kontakt zu uns: Schreinerei V\u00e4th Peter V\u00e4th e.K. Hauptstr. 15 97839 Esselbach Tel. +49 (0) 9394\u00a0 22 00 Mail info@schreinerei-vaeth.de<\/p>\n","protected":false},"author":1,"featured_media":0,"parent":0,"menu_order":0,"comment_status":"closed","ping_status":"closed","template":"page-templates\/page_fullwidth.php","meta":{"footnotes":""},"yoast_head":"<!-- This site is optimized with the Yoast SEO plugin v22.5 - https:\/\/yoast.com\/wordpress\/plugins\/seo\/ -->\n<title>Kontakt - Schreinerei V\u00e4th - Privatkunden<\/title>\n<meta name=\"robots\" content=\"index, follow, max-snippet:-1, max-image-preview:large, max-video-preview:-1\" \/>\n<link rel=\"canonical\" href=\"https:\/\/schreinerei-vaeth.de\/privatkunden\/kontakt\/\" \/>\n<meta property=\"og:locale\" content=\"de_DE\" \/>\n<meta property=\"og:type\" content=\"article\" \/>\n<meta property=\"og:title\" content=\"Kontakt - Schreinerei V\u00e4th - Privatkunden\" \/>\n<meta property=\"og:description\" content=\"Ihr Kontakt zu uns: Schreinerei V\u00e4th Peter V\u00e4th e.K. Hauptstr. 15 97839 Esselbach Tel. +49 (0) 9394\u00a0 22 00 Mail info@schreinerei-vaeth.de\" \/>\n<meta property=\"og:url\" content=\"https:\/\/schreinerei-vaeth.de\/privatkunden\/kontakt\/\" \/>\n<meta property=\"og:site_name\" content=\"Schreinerei V\u00e4th - Privatkunden\" \/>\n<meta property=\"article:modified_time\" content=\"2024-04-25T07:42:09+00:00\" \/>\n<meta name=\"twitter:card\" content=\"summary_large_image\" \/>\n<meta name=\"twitter:label1\" content=\"Gesch\u00e4tzte Lesezeit\" \/>\n\t<meta name=\"twitter:data1\" content=\"1\u00a0Minute\" \/>\n<script type=\"application\/ld+json\" class=\"yoast-schema-graph\">{\"@context\":\"https:\/\/schema.org\",\"@graph\":[{\"@type\":\"WebPage\",\"@id\":\"https:\/\/schreinerei-vaeth.de\/privatkunden\/kontakt\/\",\"url\":\"https:\/\/schreinerei-vaeth.de\/privatkunden\/kontakt\/\",\"name\":\"Kontakt - Schreinerei V\u00e4th - Privatkunden\",\"isPartOf\":{\"@id\":\"https:\/\/schreinerei-vaeth.de\/privatkunden\/#website\"},\"datePublished\":\"2016-11-19T11:19:14+00:00\",\"dateModified\":\"2024-04-25T07:42:09+00:00\",\"breadcrumb\":{\"@id\":\"https:\/\/schreinerei-vaeth.de\/privatkunden\/kontakt\/#breadcrumb\"},\"inLanguage\":\"de\",\"potentialAction\":[{\"@type\":\"ReadAction\",\"target\":[\"https:\/\/schreinerei-vaeth.de\/privatkunden\/kontakt\/\"]}]},{\"@type\":\"BreadcrumbList\",\"@id\":\"https:\/\/schreinerei-vaeth.de\/privatkunden\/kontakt\/#breadcrumb\",\"itemListElement\":[{\"@type\":\"ListItem\",\"position\":1,\"name\":\"Startseite\",\"item\":\"https:\/\/schreinerei-vaeth.de\/privatkunden\/\"},{\"@type\":\"ListItem\",\"position\":2,\"name\":\"Kontakt\"}]},{\"@type\":\"WebSite\",\"@id\":\"https:\/\/schreinerei-vaeth.de\/privatkunden\/#website\",\"url\":\"https:\/\/schreinerei-vaeth.de\/privatkunden\/\",\"name\":\"Schreinerei V\u00e4th - Privatkunden\",\"description\":\"\",\"potentialAction\":[{\"@type\":\"SearchAction\",\"target\":{\"@type\":\"EntryPoint\",\"urlTemplate\":\"https:\/\/schreinerei-vaeth.de\/privatkunden\/?s={search_term_string}\"},\"query-input\":\"required name=search_term_string\"}],\"inLanguage\":\"de\"}]}<\/script>\n<!-- \/ Yoast SEO plugin. -->","yoast_head_json":{"title":"Kontakt - Schreinerei V\u00e4th - Privatkunden","robots":{"index":"index","follow":"follow","max-snippet":"max-snippet:-1","max-image-preview":"max-image-preview:large","max-video-preview":"max-video-preview:-1"},"canonical":"https:\/\/schreinerei-vaeth.de\/privatkunden\/kontakt\/","og_locale":"de_DE","og_type":"article","og_title":"Kontakt - Schreinerei V\u00e4th - Privatkunden","og_description":"Ihr Kontakt zu uns: Schreinerei V\u00e4th Peter V\u00e4th e.K. Hauptstr. 15 97839 Esselbach Tel. +49 (0) 9394\u00a0 22 00 Mail info@schreinerei-vaeth.de","og_url":"https:\/\/schreinerei-vaeth.de\/privatkunden\/kontakt\/","og_site_name":"Schreinerei V\u00e4th - Privatkunden","article_modified_time":"2024-04-25T07:42:09+00:00","twitter_card":"summary_large_image","twitter_misc":{"Gesch\u00e4tzte Lesezeit":"1\u00a0Minute"},"schema":{"@context":"https:\/\/schema.org","@graph":[{"@type":"WebPage","@id":"https:\/\/schreinerei-vaeth.de\/privatkunden\/kontakt\/","url":"https:\/\/schreinerei-vaeth.de\/privatkunden\/kontakt\/","name":"Kontakt - Schreinerei V\u00e4th - Privatkunden","isPartOf":{"@id":"https:\/\/schreinerei-vaeth.de\/privatkunden\/#website"},"datePublished":"2016-11-19T11:19:14+00:00","dateModified":"2024-04-25T07:42:09+00:00","breadcrumb":{"@id":"https:\/\/schreinerei-vaeth.de\/privatkunden\/kontakt\/#breadcrumb"},"inLanguage":"de","potentialAction":[{"@type":"ReadAction","target":["https:\/\/schreinerei-vaeth.de\/privatkunden\/kontakt\/"]}]},{"@type":"BreadcrumbList","@id":"https:\/\/schreinerei-vaeth.de\/privatkunden\/kontakt\/#breadcrumb","itemListElement":[{"@type":"ListItem","position":1,"name":"Startseite","item":"https:\/\/schreinerei-vaeth.de\/privatkunden\/"},{"@type":"ListItem","position":2,"name":"Kontakt"}]},{"@type":"WebSite","@id":"https:\/\/schreinerei-vaeth.de\/privatkunden\/#website","url":"https:\/\/schreinerei-vaeth.de\/privatkunden\/","name":"Schreinerei V\u00e4th - Privatkunden","description":"","potentialAction":[{"@type":"SearchAction","target":{"@type":"EntryPoint","urlTemplate":"https:\/\/schreinerei-vaeth.de\/privatkunden\/?s={search_term_string}"},"query-input":"required name=search_term_string"}],"inLanguage":"de"}]}},"publishpress_future_action":{"enabled":false,"date":"2026-04-18 11:42:48","action":"change-status","newStatus":"draft","terms":[],"taxonomy":""},"_links":{"self":[{"href":"https:\/\/schreinerei-vaeth.de\/privatkunden\/wp-json\/wp\/v2\/pages\/672"}],"collection":[{"href":"https:\/\/schreinerei-vaeth.de\/privatkunden\/wp-json\/wp\/v2\/pages"}],"about":[{"href":"https:\/\/schreinerei-vaeth.de\/privatkunden\/wp-json\/wp\/v2\/types\/page"}],"author":[{"embeddable":true,"href":"https:\/\/schreinerei-vaeth.de\/privatkunden\/wp-json\/wp\/v2\/users\/1"}],"replies":[{"embeddable":true,"href":"https:\/\/schreinerei-vaeth.de\/privatkunden\/wp-json\/wp\/v2\/comments?post=672"}],"version-history":[{"count":6,"href":"https:\/\/schreinerei-vaeth.de\/privatkunden\/wp-json\/wp\/v2\/pages\/672\/revisions"}],"predecessor-version":[{"id":1732,"href":"https:\/\/schreinerei-vaeth.de\/privatkunden\/wp-json\/wp\/v2\/pages\/672\/revisions\/1732"}],"wp:attachment":[{"href":"https:\/\/schreinerei-vaeth.de\/privatkunden\/wp-json\/wp\/v2\/media?parent=672"}],"curies":[{"name":"wp","href":"https:\/\/api.w.org\/{rel}","templated":true}]}}