{"id":1306,"date":"2017-02-21T12:51:24","date_gmt":"2017-02-21T11:51:24","guid":{"rendered":"http:\/\/empathieweb.de\/klavae\/objekteinrichtungen\/?page_id=1306"},"modified":"2024-04-22T11:32:28","modified_gmt":"2024-04-22T09:32:28","slug":"team","status":"publish","type":"page","link":"https:\/\/schreinerei-vaeth.de\/objekteinrichtungen\/team\/","title":{"rendered":"Team"},"content":{"rendered":"<div id=\"pl-1306\"  class=\"panel-layout\" ><div id=\"pg-1306-0\"  class=\"panel-grid panel-has-style\" ><div class=\"panel-row-style panel-row-style-for-1306-0\" ><div id=\"pgc-1306-0-0\"  class=\"panel-grid-cell\" ><div id=\"panel-1306-0-0-0\" class=\"so-panel widget widget_sow-headline panel-first-child panel-last-child\" data-index=\"0\" ><div\n\t\t\t\n\t\t\tclass=\"so-widget-sow-headline so-widget-sow-headline-default-eb58c90b4a68-1306\"\n\t\t\t\n\t\t><div class=\"sow-headline-container \">\n\t\t\t\t\t\t\t<h2 class=\"sow-headline\">\n\t\t\t\t\t\tUnser Team\t\t\t\t\t\t<\/h2>\n\t\t\t\t\t\t\t\t\t\t\t<div class=\"decoration\">\n\t\t\t\t\t\t<div class=\"decoration-inside\"><\/div>\n\t\t\t\t\t<\/div>\n\t\t\t\t\t<\/div>\n<\/div><\/div><\/div><\/div><\/div><div id=\"pg-1306-1\"  class=\"panel-grid panel-has-style\" ><div class=\"panel-row-style panel-row-style-for-1306-1\" ><div id=\"pgc-1306-1-0\"  class=\"panel-grid-cell panel-grid-cell-empty\" ><div class=\"pwwt-post-title panel-cell-style panel-cell-style-for-1306-1-0\" ><\/div><\/div><div id=\"pgc-1306-1-1\"  class=\"panel-grid-cell\" ><div class=\"pwwt-post-title panel-cell-style panel-cell-style-for-1306-1-1\" ><div id=\"panel-1306-1-1-0\" class=\"so-panel widget widget_sow-editor panel-first-child panel-last-child\" data-index=\"1\" ><div\n\t\t\t\n\t\t\tclass=\"so-widget-sow-editor so-widget-sow-editor-base\"\n\t\t\t\n\t\t>\n<div class=\"siteorigin-widget-tinymce textwidget\">\n\t<p><img loading=\"lazy\" decoding=\"async\" class=\"aligncenter wp-image-1347 size-full\" src=\"https:\/\/schreinerei-vaeth.de\/objekteinrichtungen\/wp-content\/uploads\/sites\/5\/2017\/03\/peter_vaeth_objekt.jpg\" alt=\"\" width=\"850\" height=\"520\" srcset=\"https:\/\/schreinerei-vaeth.de\/objekteinrichtungen\/wp-content\/uploads\/sites\/5\/2017\/03\/peter_vaeth_objekt.jpg 850w, https:\/\/schreinerei-vaeth.de\/objekteinrichtungen\/wp-content\/uploads\/sites\/5\/2017\/03\/peter_vaeth_objekt-300x184.jpg 300w, https:\/\/schreinerei-vaeth.de\/objekteinrichtungen\/wp-content\/uploads\/sites\/5\/2017\/03\/peter_vaeth_objekt-768x470.jpg 768w, https:\/\/schreinerei-vaeth.de\/objekteinrichtungen\/wp-content\/uploads\/sites\/5\/2017\/03\/peter_vaeth_objekt-600x367.jpg 600w, https:\/\/schreinerei-vaeth.de\/objekteinrichtungen\/wp-content\/uploads\/sites\/5\/2017\/03\/peter_vaeth_objekt-520x318.jpg 520w, https:\/\/schreinerei-vaeth.de\/objekteinrichtungen\/wp-content\/uploads\/sites\/5\/2017\/03\/peter_vaeth_objekt-740x453.jpg 740w, https:\/\/schreinerei-vaeth.de\/objekteinrichtungen\/wp-content\/uploads\/sites\/5\/2017\/03\/peter_vaeth_objekt-621x380.jpg 621w, https:\/\/schreinerei-vaeth.de\/objekteinrichtungen\/wp-content\/uploads\/sites\/5\/2017\/03\/peter_vaeth_objekt-250x153.jpg 250w\" sizes=\"(max-width: 850px) 100vw, 850px\" \/><\/p>\n<h1 style=\"text-align: center; margin-top: -20px;\"><a href=\"https:\/\/schreinerei-vaeth.de\/objekteinrichtungen\/2017\/02\/21\/herr-mueller-2\/\"><span class=\"rpwwt-post-title\">Peter V\u00e4th<\/span><\/a><\/h1>\n<div class=\"rpwwt-post-excerpt\" style=\"text-align: center;\">Gesch\u00e4ftsf\u00fchrer, Schreinermeister und technischer Fachwirt<\/div>\n<\/div>\n<\/div><\/div><\/div><\/div><div id=\"pgc-1306-1-2\"  class=\"panel-grid-cell panel-grid-cell-mobile-last\" ><div class=\"pwwt-post-title panel-cell-style panel-cell-style-for-1306-1-2\" ><div id=\"panel-1306-1-2-0\" class=\"so-panel widget widget_sow-editor panel-first-child panel-last-child\" data-index=\"2\" ><div\n\t\t\t\n\t\t\tclass=\"so-widget-sow-editor so-widget-sow-editor-base\"\n\t\t\t\n\t\t>\n<div class=\"siteorigin-widget-tinymce textwidget\">\n\t<p><img loading=\"lazy\" decoding=\"async\" class=\"aligncenter wp-image-1345 size-full\" src=\"https:\/\/schreinerei-vaeth.de\/objekteinrichtungen\/wp-content\/uploads\/sites\/5\/2017\/03\/klaus_vaeth_objekt.jpg\" alt=\"\" width=\"850\" height=\"520\" srcset=\"https:\/\/schreinerei-vaeth.de\/objekteinrichtungen\/wp-content\/uploads\/sites\/5\/2017\/03\/klaus_vaeth_objekt.jpg 850w, https:\/\/schreinerei-vaeth.de\/objekteinrichtungen\/wp-content\/uploads\/sites\/5\/2017\/03\/klaus_vaeth_objekt-300x184.jpg 300w, https:\/\/schreinerei-vaeth.de\/objekteinrichtungen\/wp-content\/uploads\/sites\/5\/2017\/03\/klaus_vaeth_objekt-768x470.jpg 768w, https:\/\/schreinerei-vaeth.de\/objekteinrichtungen\/wp-content\/uploads\/sites\/5\/2017\/03\/klaus_vaeth_objekt-600x367.jpg 600w, https:\/\/schreinerei-vaeth.de\/objekteinrichtungen\/wp-content\/uploads\/sites\/5\/2017\/03\/klaus_vaeth_objekt-520x318.jpg 520w, https:\/\/schreinerei-vaeth.de\/objekteinrichtungen\/wp-content\/uploads\/sites\/5\/2017\/03\/klaus_vaeth_objekt-740x453.jpg 740w, https:\/\/schreinerei-vaeth.de\/objekteinrichtungen\/wp-content\/uploads\/sites\/5\/2017\/03\/klaus_vaeth_objekt-621x380.jpg 621w, https:\/\/schreinerei-vaeth.de\/objekteinrichtungen\/wp-content\/uploads\/sites\/5\/2017\/03\/klaus_vaeth_objekt-250x153.jpg 250w\" sizes=\"(max-width: 850px) 100vw, 850px\" \/><\/p>\n<h1 style=\"text-align: center; margin-top: -20px;\"><a href=\"https:\/\/schreinerei-vaeth.de\/objekteinrichtungen\/2017\/02\/21\/frau-meier\/\"><span class=\"rpwwt-post-title\">Klaus V\u00e4th<\/span><\/a><\/h1>\n<div class=\"rpwwt-post-excerpt\" style=\"text-align: center;\">Seniorchef und Schreinermeister<\/div>\n<\/div>\n<\/div><\/div><\/div><\/div><div id=\"pgc-1306-1-3\"  class=\"panel-grid-cell panel-grid-cell-empty\" ><div class=\"pwwt-post-title panel-cell-style panel-cell-style-for-1306-1-3\" ><\/div><\/div><\/div><\/div><div id=\"pg-1306-2\"  class=\"panel-grid panel-has-style\" ><div class=\"panel-row-style panel-row-style-for-1306-2\" ><div id=\"pgc-1306-2-0\"  class=\"panel-grid-cell panel-grid-cell-empty\" ><div class=\"pwwt-post-title panel-cell-style panel-cell-style-for-1306-2-0\" ><\/div><\/div><div id=\"pgc-1306-2-1\"  class=\"panel-grid-cell\" ><div class=\"pwwt-post-title panel-cell-style panel-cell-style-for-1306-2-1\" ><div id=\"panel-1306-2-1-0\" class=\"so-panel widget widget_sow-editor panel-first-child panel-last-child\" data-index=\"3\" ><div\n\t\t\t\n\t\t\tclass=\"so-widget-sow-editor so-widget-sow-editor-base\"\n\t\t\t\n\t\t>\n<div class=\"siteorigin-widget-tinymce textwidget\">\n\t<p><img loading=\"lazy\" decoding=\"async\" class=\"aligncenter wp-image-1320 size-full\" src=\"https:\/\/schreinerei-vaeth.de\/privatkunden\/wp-content\/uploads\/sites\/4\/2017\/03\/giesela_vaeth_privat.jpg\" alt=\"\" width=\"850\" height=\"520\" \/><\/p>\n<h1 style=\"text-align: center; margin-top: -20px;\"><a href=\"https:\/\/schreinerei-vaeth.de\/privatkunden\/2017\/03\/09\/gisela-vaeth\/\"><span class=\"rpwwt-post-title\">Gisela V\u00e4th<\/span><\/a><\/h1>\n<div class=\"rpwwt-post-excerpt\" style=\"text-align: center;\">B\u00fcrokauffrau<\/div>\n<\/div>\n<\/div><\/div><\/div><\/div><div id=\"pgc-1306-2-2\"  class=\"panel-grid-cell panel-grid-cell-mobile-last\" ><div class=\"pwwt-post-title panel-cell-style panel-cell-style-for-1306-2-2\" ><div id=\"panel-1306-2-2-0\" class=\"so-panel widget widget_sow-editor panel-first-child panel-last-child\" data-index=\"4\" ><div\n\t\t\t\n\t\t\tclass=\"so-widget-sow-editor so-widget-sow-editor-base\"\n\t\t\t\n\t\t>\n<div class=\"siteorigin-widget-tinymce textwidget\">\n\t<p><img loading=\"lazy\" decoding=\"async\" class=\"aligncenter wp-image-1346 size-full\" src=\"https:\/\/schreinerei-vaeth.de\/objekteinrichtungen\/wp-content\/uploads\/sites\/5\/2017\/03\/matthias_vaeth_objekt.jpg\" alt=\"\" width=\"850\" height=\"520\" srcset=\"https:\/\/schreinerei-vaeth.de\/objekteinrichtungen\/wp-content\/uploads\/sites\/5\/2017\/03\/matthias_vaeth_objekt.jpg 850w, https:\/\/schreinerei-vaeth.de\/objekteinrichtungen\/wp-content\/uploads\/sites\/5\/2017\/03\/matthias_vaeth_objekt-300x184.jpg 300w, https:\/\/schreinerei-vaeth.de\/objekteinrichtungen\/wp-content\/uploads\/sites\/5\/2017\/03\/matthias_vaeth_objekt-768x470.jpg 768w, https:\/\/schreinerei-vaeth.de\/objekteinrichtungen\/wp-content\/uploads\/sites\/5\/2017\/03\/matthias_vaeth_objekt-600x367.jpg 600w, https:\/\/schreinerei-vaeth.de\/objekteinrichtungen\/wp-content\/uploads\/sites\/5\/2017\/03\/matthias_vaeth_objekt-520x318.jpg 520w, https:\/\/schreinerei-vaeth.de\/objekteinrichtungen\/wp-content\/uploads\/sites\/5\/2017\/03\/matthias_vaeth_objekt-740x453.jpg 740w, https:\/\/schreinerei-vaeth.de\/objekteinrichtungen\/wp-content\/uploads\/sites\/5\/2017\/03\/matthias_vaeth_objekt-621x380.jpg 621w, https:\/\/schreinerei-vaeth.de\/objekteinrichtungen\/wp-content\/uploads\/sites\/5\/2017\/03\/matthias_vaeth_objekt-250x153.jpg 250w\" sizes=\"(max-width: 850px) 100vw, 850px\" \/><\/p>\n<h1 style=\"text-align: center; margin-top: -20px;\"><a href=\"https:\/\/schreinerei-vaeth.de\/objekteinrichtungen\/2017\/03\/09\/matthias-vaeth\/\"><span class=\"rpwwt-post-title\">Matthias V\u00e4th<\/span><\/a><\/h1>\n<div class=\"rpwwt-post-excerpt\" style=\"text-align: center;\">Schreinergeselle<\/div>\n<\/div>\n<\/div><\/div><\/div><\/div><div id=\"pgc-1306-2-3\"  class=\"panel-grid-cell panel-grid-cell-empty\" ><div class=\"pwwt-post-title panel-cell-style panel-cell-style-for-1306-2-3\" ><\/div><\/div><\/div><\/div><div id=\"pg-1306-3\"  class=\"panel-grid panel-has-style\" ><div class=\"panel-row-style panel-row-style-for-1306-3\" ><div id=\"pgc-1306-3-0\"  class=\"panel-grid-cell panel-grid-cell-empty\" ><div class=\"pwwt-post-title panel-cell-style panel-cell-style-for-1306-3-0\" ><\/div><\/div><div id=\"pgc-1306-3-1\"  class=\"panel-grid-cell\" ><div class=\"pwwt-post-title panel-cell-style panel-cell-style-for-1306-3-1\" ><div id=\"panel-1306-3-1-0\" class=\"so-panel widget widget_sow-editor panel-first-child panel-last-child\" data-index=\"5\" ><div\n\t\t\t\n\t\t\tclass=\"so-widget-sow-editor so-widget-sow-editor-base\"\n\t\t\t\n\t\t>\n<div class=\"siteorigin-widget-tinymce textwidget\">\n\t<p><img loading=\"lazy\" decoding=\"async\" class=\"alignnone wp-image-1785 size-full\" src=\"https:\/\/schreinerei-vaeth.de\/objekteinrichtungen\/wp-content\/uploads\/sites\/5\/2017\/03\/anna_heim-objekteinrichtung.jpg\" alt=\"\" width=\"850\" height=\"520\" srcset=\"https:\/\/schreinerei-vaeth.de\/objekteinrichtungen\/wp-content\/uploads\/sites\/5\/2017\/03\/anna_heim-objekteinrichtung.jpg 850w, https:\/\/schreinerei-vaeth.de\/objekteinrichtungen\/wp-content\/uploads\/sites\/5\/2017\/03\/anna_heim-objekteinrichtung-300x184.jpg 300w, https:\/\/schreinerei-vaeth.de\/objekteinrichtungen\/wp-content\/uploads\/sites\/5\/2017\/03\/anna_heim-objekteinrichtung-768x470.jpg 768w, https:\/\/schreinerei-vaeth.de\/objekteinrichtungen\/wp-content\/uploads\/sites\/5\/2017\/03\/anna_heim-objekteinrichtung-600x367.jpg 600w, https:\/\/schreinerei-vaeth.de\/objekteinrichtungen\/wp-content\/uploads\/sites\/5\/2017\/03\/anna_heim-objekteinrichtung-520x318.jpg 520w, https:\/\/schreinerei-vaeth.de\/objekteinrichtungen\/wp-content\/uploads\/sites\/5\/2017\/03\/anna_heim-objekteinrichtung-740x453.jpg 740w, https:\/\/schreinerei-vaeth.de\/objekteinrichtungen\/wp-content\/uploads\/sites\/5\/2017\/03\/anna_heim-objekteinrichtung-621x380.jpg 621w, https:\/\/schreinerei-vaeth.de\/objekteinrichtungen\/wp-content\/uploads\/sites\/5\/2017\/03\/anna_heim-objekteinrichtung-250x153.jpg 250w\" sizes=\"(max-width: 850px) 100vw, 850px\" \/><\/p>\n<h1 style=\"text-align: center; margin-top: -20px;\"><a href=\"https:\/\/schreinerei-vaeth.de\/objekteinrichtungen\/2017\/03\/09\/anna-vaeth-2\/\"><span class=\"rpwwt-post-title\">Anna Heim<\/span><\/a><\/h1>\n<div class=\"rpwwt-post-excerpt\" style=\"text-align: center;\">kaufm\u00e4nnische Angestellte<\/div>\n<h1 style=\"text-align: center; margin-top: -20px;\"><\/h1>\n<\/div>\n<\/div><\/div><\/div><\/div><div id=\"pgc-1306-3-2\"  class=\"panel-grid-cell panel-grid-cell-mobile-last\" ><div class=\"pwwt-post-title panel-cell-style panel-cell-style-for-1306-3-2\" ><div id=\"panel-1306-3-2-0\" class=\"so-panel widget widget_sow-editor panel-first-child panel-last-child\" data-index=\"6\" ><div\n\t\t\t\n\t\t\tclass=\"so-widget-sow-editor so-widget-sow-editor-base\"\n\t\t\t\n\t\t>\n<div class=\"siteorigin-widget-tinymce textwidget\">\n\t<p><img loading=\"lazy\" decoding=\"async\" class=\"aligncenter wp-image-1348 size-full\" src=\"https:\/\/schreinerei-vaeth.de\/objekteinrichtungen\/wp-content\/uploads\/sites\/5\/2017\/03\/raimund_leimeister_objekt.jpg\" alt=\"\" width=\"850\" height=\"520\" srcset=\"https:\/\/schreinerei-vaeth.de\/objekteinrichtungen\/wp-content\/uploads\/sites\/5\/2017\/03\/raimund_leimeister_objekt.jpg 850w, https:\/\/schreinerei-vaeth.de\/objekteinrichtungen\/wp-content\/uploads\/sites\/5\/2017\/03\/raimund_leimeister_objekt-300x184.jpg 300w, https:\/\/schreinerei-vaeth.de\/objekteinrichtungen\/wp-content\/uploads\/sites\/5\/2017\/03\/raimund_leimeister_objekt-768x470.jpg 768w, https:\/\/schreinerei-vaeth.de\/objekteinrichtungen\/wp-content\/uploads\/sites\/5\/2017\/03\/raimund_leimeister_objekt-600x367.jpg 600w, https:\/\/schreinerei-vaeth.de\/objekteinrichtungen\/wp-content\/uploads\/sites\/5\/2017\/03\/raimund_leimeister_objekt-520x318.jpg 520w, https:\/\/schreinerei-vaeth.de\/objekteinrichtungen\/wp-content\/uploads\/sites\/5\/2017\/03\/raimund_leimeister_objekt-740x453.jpg 740w, https:\/\/schreinerei-vaeth.de\/objekteinrichtungen\/wp-content\/uploads\/sites\/5\/2017\/03\/raimund_leimeister_objekt-621x380.jpg 621w, https:\/\/schreinerei-vaeth.de\/objekteinrichtungen\/wp-content\/uploads\/sites\/5\/2017\/03\/raimund_leimeister_objekt-250x153.jpg 250w\" sizes=\"(max-width: 850px) 100vw, 850px\" \/><\/p>\n<h1 style=\"text-align: center; margin-top: -20px;\"><a href=\"https:\/\/schreinerei-vaeth.de\/objekteinrichtungen\/2017\/03\/09\/raimund-leimeister\/\"><span class=\"rpwwt-post-title\">Raimund Leimeister<\/span><\/a><\/h1>\n<div class=\"rpwwt-post-excerpt\" style=\"text-align: center;\">Schreinergeselle<\/div>\n<\/div>\n<\/div><\/div><\/div><\/div><div id=\"pgc-1306-3-3\"  class=\"panel-grid-cell panel-grid-cell-empty\" ><div class=\"pwwt-post-title panel-cell-style panel-cell-style-for-1306-3-3\" ><\/div><\/div><\/div><\/div><\/div>","protected":false},"excerpt":{"rendered":"<p>Peter V\u00e4th Gesch\u00e4ftsf\u00fchrer, Schreinermeister und technischer Fachwirt Klaus V\u00e4th Seniorchef und Schreinermeister<\/p>\n","protected":false},"author":1,"featured_media":0,"parent":0,"menu_order":0,"comment_status":"closed","ping_status":"closed","template":"","meta":{"footnotes":""},"yoast_head":"<!-- This site is optimized with the Yoast SEO plugin v22.5 - https:\/\/yoast.com\/wordpress\/plugins\/seo\/ -->\n<title>Team - Schreinerei V\u00e4th - Objekteinrichtungen<\/title>\n<meta name=\"robots\" content=\"index, follow, max-snippet:-1, max-image-preview:large, max-video-preview:-1\" \/>\n<link rel=\"canonical\" href=\"https:\/\/schreinerei-vaeth.de\/objekteinrichtungen\/team\/\" \/>\n<meta property=\"og:locale\" content=\"de_DE\" \/>\n<meta property=\"og:type\" content=\"article\" \/>\n<meta property=\"og:title\" content=\"Team - Schreinerei V\u00e4th - Objekteinrichtungen\" \/>\n<meta property=\"og:description\" content=\"Peter V\u00e4th Gesch\u00e4ftsf\u00fchrer, Schreinermeister und technischer Fachwirt Klaus V\u00e4th Seniorchef und Schreinermeister\" \/>\n<meta property=\"og:url\" content=\"https:\/\/schreinerei-vaeth.de\/objekteinrichtungen\/team\/\" \/>\n<meta property=\"og:site_name\" content=\"Schreinerei V\u00e4th - Objekteinrichtungen\" \/>\n<meta property=\"article:modified_time\" content=\"2024-04-22T09:32:28+00:00\" \/>\n<meta property=\"og:image\" content=\"https:\/\/schreinerei-vaeth.de\/objekteinrichtungen\/wp-content\/uploads\/sites\/5\/2017\/03\/peter_vaeth_objekt.jpg\" \/>\n<meta name=\"twitter:card\" content=\"summary_large_image\" \/>\n<meta name=\"twitter:label1\" content=\"Gesch\u00e4tzte Lesezeit\" \/>\n\t<meta name=\"twitter:data1\" content=\"2\u00a0Minuten\" \/>\n<script type=\"application\/ld+json\" class=\"yoast-schema-graph\">{\"@context\":\"https:\/\/schema.org\",\"@graph\":[{\"@type\":\"WebPage\",\"@id\":\"https:\/\/schreinerei-vaeth.de\/objekteinrichtungen\/team\/\",\"url\":\"https:\/\/schreinerei-vaeth.de\/objekteinrichtungen\/team\/\",\"name\":\"Team - Schreinerei V\u00e4th - Objekteinrichtungen\",\"isPartOf\":{\"@id\":\"https:\/\/schreinerei-vaeth.de\/objekteinrichtungen\/#website\"},\"primaryImageOfPage\":{\"@id\":\"https:\/\/schreinerei-vaeth.de\/objekteinrichtungen\/team\/#primaryimage\"},\"image\":{\"@id\":\"https:\/\/schreinerei-vaeth.de\/objekteinrichtungen\/team\/#primaryimage\"},\"thumbnailUrl\":\"https:\/\/schreinerei-vaeth.de\/objekteinrichtungen\/wp-content\/uploads\/sites\/5\/2017\/03\/peter_vaeth_objekt.jpg\",\"datePublished\":\"2017-02-21T11:51:24+00:00\",\"dateModified\":\"2024-04-22T09:32:28+00:00\",\"breadcrumb\":{\"@id\":\"https:\/\/schreinerei-vaeth.de\/objekteinrichtungen\/team\/#breadcrumb\"},\"inLanguage\":\"de\",\"potentialAction\":[{\"@type\":\"ReadAction\",\"target\":[\"https:\/\/schreinerei-vaeth.de\/objekteinrichtungen\/team\/\"]}]},{\"@type\":\"ImageObject\",\"inLanguage\":\"de\",\"@id\":\"https:\/\/schreinerei-vaeth.de\/objekteinrichtungen\/team\/#primaryimage\",\"url\":\"https:\/\/schreinerei-vaeth.de\/objekteinrichtungen\/wp-content\/uploads\/sites\/5\/2017\/03\/peter_vaeth_objekt.jpg\",\"contentUrl\":\"https:\/\/schreinerei-vaeth.de\/objekteinrichtungen\/wp-content\/uploads\/sites\/5\/2017\/03\/peter_vaeth_objekt.jpg\",\"width\":850,\"height\":520},{\"@type\":\"BreadcrumbList\",\"@id\":\"https:\/\/schreinerei-vaeth.de\/objekteinrichtungen\/team\/#breadcrumb\",\"itemListElement\":[{\"@type\":\"ListItem\",\"position\":1,\"name\":\"Startseite\",\"item\":\"https:\/\/schreinerei-vaeth.de\/objekteinrichtungen\/\"},{\"@type\":\"ListItem\",\"position\":2,\"name\":\"Team\"}]},{\"@type\":\"WebSite\",\"@id\":\"https:\/\/schreinerei-vaeth.de\/objekteinrichtungen\/#website\",\"url\":\"https:\/\/schreinerei-vaeth.de\/objekteinrichtungen\/\",\"name\":\"Schreinerei V\u00e4th - Objekteinrichtungen\",\"description\":\"\",\"potentialAction\":[{\"@type\":\"SearchAction\",\"target\":{\"@type\":\"EntryPoint\",\"urlTemplate\":\"https:\/\/schreinerei-vaeth.de\/objekteinrichtungen\/?s={search_term_string}\"},\"query-input\":\"required name=search_term_string\"}],\"inLanguage\":\"de\"}]}<\/script>\n<!-- \/ Yoast SEO plugin. -->","yoast_head_json":{"title":"Team - Schreinerei V\u00e4th - Objekteinrichtungen","robots":{"index":"index","follow":"follow","max-snippet":"max-snippet:-1","max-image-preview":"max-image-preview:large","max-video-preview":"max-video-preview:-1"},"canonical":"https:\/\/schreinerei-vaeth.de\/objekteinrichtungen\/team\/","og_locale":"de_DE","og_type":"article","og_title":"Team - Schreinerei V\u00e4th - Objekteinrichtungen","og_description":"Peter V\u00e4th Gesch\u00e4ftsf\u00fchrer, Schreinermeister und technischer Fachwirt Klaus V\u00e4th Seniorchef und Schreinermeister","og_url":"https:\/\/schreinerei-vaeth.de\/objekteinrichtungen\/team\/","og_site_name":"Schreinerei V\u00e4th - Objekteinrichtungen","article_modified_time":"2024-04-22T09:32:28+00:00","og_image":[{"url":"https:\/\/schreinerei-vaeth.de\/objekteinrichtungen\/wp-content\/uploads\/sites\/5\/2017\/03\/peter_vaeth_objekt.jpg"}],"twitter_card":"summary_large_image","twitter_misc":{"Gesch\u00e4tzte Lesezeit":"2\u00a0Minuten"},"schema":{"@context":"https:\/\/schema.org","@graph":[{"@type":"WebPage","@id":"https:\/\/schreinerei-vaeth.de\/objekteinrichtungen\/team\/","url":"https:\/\/schreinerei-vaeth.de\/objekteinrichtungen\/team\/","name":"Team - Schreinerei V\u00e4th - Objekteinrichtungen","isPartOf":{"@id":"https:\/\/schreinerei-vaeth.de\/objekteinrichtungen\/#website"},"primaryImageOfPage":{"@id":"https:\/\/schreinerei-vaeth.de\/objekteinrichtungen\/team\/#primaryimage"},"image":{"@id":"https:\/\/schreinerei-vaeth.de\/objekteinrichtungen\/team\/#primaryimage"},"thumbnailUrl":"https:\/\/schreinerei-vaeth.de\/objekteinrichtungen\/wp-content\/uploads\/sites\/5\/2017\/03\/peter_vaeth_objekt.jpg","datePublished":"2017-02-21T11:51:24+00:00","dateModified":"2024-04-22T09:32:28+00:00","breadcrumb":{"@id":"https:\/\/schreinerei-vaeth.de\/objekteinrichtungen\/team\/#breadcrumb"},"inLanguage":"de","potentialAction":[{"@type":"ReadAction","target":["https:\/\/schreinerei-vaeth.de\/objekteinrichtungen\/team\/"]}]},{"@type":"ImageObject","inLanguage":"de","@id":"https:\/\/schreinerei-vaeth.de\/objekteinrichtungen\/team\/#primaryimage","url":"https:\/\/schreinerei-vaeth.de\/objekteinrichtungen\/wp-content\/uploads\/sites\/5\/2017\/03\/peter_vaeth_objekt.jpg","contentUrl":"https:\/\/schreinerei-vaeth.de\/objekteinrichtungen\/wp-content\/uploads\/sites\/5\/2017\/03\/peter_vaeth_objekt.jpg","width":850,"height":520},{"@type":"BreadcrumbList","@id":"https:\/\/schreinerei-vaeth.de\/objekteinrichtungen\/team\/#breadcrumb","itemListElement":[{"@type":"ListItem","position":1,"name":"Startseite","item":"https:\/\/schreinerei-vaeth.de\/objekteinrichtungen\/"},{"@type":"ListItem","position":2,"name":"Team"}]},{"@type":"WebSite","@id":"https:\/\/schreinerei-vaeth.de\/objekteinrichtungen\/#website","url":"https:\/\/schreinerei-vaeth.de\/objekteinrichtungen\/","name":"Schreinerei V\u00e4th - Objekteinrichtungen","description":"","potentialAction":[{"@type":"SearchAction","target":{"@type":"EntryPoint","urlTemplate":"https:\/\/schreinerei-vaeth.de\/objekteinrichtungen\/?s={search_term_string}"},"query-input":"required name=search_term_string"}],"inLanguage":"de"}]}},"publishpress_future_action":{"enabled":false,"date":"2026-05-19 22:34:54","action":"change-status","newStatus":"draft","terms":[],"taxonomy":""},"_links":{"self":[{"href":"https:\/\/schreinerei-vaeth.de\/objekteinrichtungen\/wp-json\/wp\/v2\/pages\/1306"}],"collection":[{"href":"https:\/\/schreinerei-vaeth.de\/objekteinrichtungen\/wp-json\/wp\/v2\/pages"}],"about":[{"href":"https:\/\/schreinerei-vaeth.de\/objekteinrichtungen\/wp-json\/wp\/v2\/types\/page"}],"author":[{"embeddable":true,"href":"https:\/\/schreinerei-vaeth.de\/objekteinrichtungen\/wp-json\/wp\/v2\/users\/1"}],"replies":[{"embeddable":true,"href":"https:\/\/schreinerei-vaeth.de\/objekteinrichtungen\/wp-json\/wp\/v2\/comments?post=1306"}],"version-history":[{"count":9,"href":"https:\/\/schreinerei-vaeth.de\/objekteinrichtungen\/wp-json\/wp\/v2\/pages\/1306\/revisions"}],"predecessor-version":[{"id":1787,"href":"https:\/\/schreinerei-vaeth.de\/objekteinrichtungen\/wp-json\/wp\/v2\/pages\/1306\/revisions\/1787"}],"wp:attachment":[{"href":"https:\/\/schreinerei-vaeth.de\/objekteinrichtungen\/wp-json\/wp\/v2\/media?parent=1306"}],"curies":[{"name":"wp","href":"https:\/\/api.w.org\/{rel}","templated":true}]}}