{"id":1286,"date":"2017-02-09T11:13:04","date_gmt":"2017-02-09T10:13:04","guid":{"rendered":"http:\/\/empathieweb.de\/klavae\/objekteinrichtungen\/?page_id=1286"},"modified":"2020-03-31T18:26:26","modified_gmt":"2020-03-31T16:26:26","slug":"bodenbelaege","status":"publish","type":"page","link":"https:\/\/schreinerei-vaeth.de\/objekteinrichtungen\/bodenbelaege\/","title":{"rendered":"Bodenbel\u00e4ge"},"content":{"rendered":"<div id=\"pl-1286\"  class=\"panel-layout\" ><div id=\"pg-1286-0\"  class=\"panel-grid panel-has-style\" ><div class=\"panel-row-style panel-row-style-for-1286-0\" ><div id=\"pgc-1286-0-0\"  class=\"panel-grid-cell\" ><div id=\"panel-1286-0-0-0\" class=\"so-panel widget widget_sow-headline panel-first-child panel-last-child\" data-index=\"0\" ><div\n\t\t\t\n\t\t\tclass=\"so-widget-sow-headline so-widget-sow-headline-default-c65a4f13d044-1286\"\n\t\t\t\n\t\t><div class=\"sow-headline-container \">\n\t\t\t\t\t\t\t<h2 class=\"sow-headline\">\n\t\t\t\t\t\tBodenbel\u00e4ge\t\t\t\t\t\t<\/h2>\n\t\t\t\t\t\t\t\t\t\t\t<div class=\"decoration\">\n\t\t\t\t\t\t<div class=\"decoration-inside\"><\/div>\n\t\t\t\t\t<\/div>\n\t\t\t\t\t<\/div>\n<\/div><\/div><\/div><\/div><\/div><div id=\"pg-1286-1\"  class=\"panel-grid panel-no-style\" ><div id=\"pgc-1286-1-0\"  class=\"panel-grid-cell\" ><div id=\"panel-1286-1-0-0\" class=\"so-panel widget widget_sow-editor panel-first-child panel-last-child\" data-index=\"1\" ><div\n\t\t\t\n\t\t\tclass=\"so-widget-sow-editor so-widget-sow-editor-base\"\n\t\t\t\n\t\t>\n<div class=\"siteorigin-widget-tinymce textwidget\">\n\t<p><a href=\"http:\/\/empathieweb.de\/klavae\/objekteinrichtungen\/wp-content\/uploads\/sites\/5\/2017\/02\/Fotolia_61668776_Subscription_Monthly_M.jpg\"><img loading=\"lazy\" decoding=\"async\" class=\"alignnone size-full wp-image-1372\" src=\"http:\/\/empathieweb.de\/klavae\/objekteinrichtungen\/wp-content\/uploads\/sites\/5\/2017\/02\/Fotolia_61668776_Subscription_Monthly_M.jpg\" alt=\"\" width=\"1845\" height=\"1030\" srcset=\"https:\/\/schreinerei-vaeth.de\/objekteinrichtungen\/wp-content\/uploads\/sites\/5\/2017\/02\/Fotolia_61668776_Subscription_Monthly_M.jpg 1845w, https:\/\/schreinerei-vaeth.de\/objekteinrichtungen\/wp-content\/uploads\/sites\/5\/2017\/02\/Fotolia_61668776_Subscription_Monthly_M-300x167.jpg 300w, https:\/\/schreinerei-vaeth.de\/objekteinrichtungen\/wp-content\/uploads\/sites\/5\/2017\/02\/Fotolia_61668776_Subscription_Monthly_M-768x429.jpg 768w, https:\/\/schreinerei-vaeth.de\/objekteinrichtungen\/wp-content\/uploads\/sites\/5\/2017\/02\/Fotolia_61668776_Subscription_Monthly_M-1024x572.jpg 1024w, https:\/\/schreinerei-vaeth.de\/objekteinrichtungen\/wp-content\/uploads\/sites\/5\/2017\/02\/Fotolia_61668776_Subscription_Monthly_M-600x335.jpg 600w, https:\/\/schreinerei-vaeth.de\/objekteinrichtungen\/wp-content\/uploads\/sites\/5\/2017\/02\/Fotolia_61668776_Subscription_Monthly_M-520x290.jpg 520w, https:\/\/schreinerei-vaeth.de\/objekteinrichtungen\/wp-content\/uploads\/sites\/5\/2017\/02\/Fotolia_61668776_Subscription_Monthly_M-740x413.jpg 740w, https:\/\/schreinerei-vaeth.de\/objekteinrichtungen\/wp-content\/uploads\/sites\/5\/2017\/02\/Fotolia_61668776_Subscription_Monthly_M-681x380.jpg 681w, https:\/\/schreinerei-vaeth.de\/objekteinrichtungen\/wp-content\/uploads\/sites\/5\/2017\/02\/Fotolia_61668776_Subscription_Monthly_M-250x140.jpg 250w\" sizes=\"(max-width: 1845px) 100vw, 1845px\" \/><\/a><\/p>\n<\/div>\n<\/div><\/div><\/div><div id=\"pgc-1286-1-1\"  class=\"panel-grid-cell\" ><div id=\"panel-1286-1-1-0\" class=\"so-panel widget widget_sow-editor panel-first-child panel-last-child\" data-index=\"2\" ><div\n\t\t\t\n\t\t\tclass=\"so-widget-sow-editor so-widget-sow-editor-base\"\n\t\t\t\n\t\t>\n<div class=\"siteorigin-widget-tinymce textwidget\">\n\t<p>Bei der Neugestaltung von R\u00e4umlichkeiten sollte auch der Bodenbelag auf keinen Fall vergessen werden. Mit einem individuell nach Ihren W\u00fcnschen und Vorstellungen gestalteten Boden kommt Ihr ganz pers\u00f6nlicher Stil zur Geltung, denn R\u00e4ume sind mehr als nur vier W\u00e4nde!<\/p>\n<p>Wir bieten Ihnen ein breites Spektrum an unterschiedlichen Bodenbel\u00e4gen f\u00fcr alle Anforderungen im gewerblichen aber auch im privaten Bereich.<\/p>\n<ul>\n<li>Teppich<\/li>\n<li>PVC<\/li>\n<li>Linoleum<\/li>\n<li>und vieles mehr<\/li>\n<\/ul>\n<p>Weitere Herstellerinformationen: <a href=\"http:\/\/www.jordan-holz.de\" target=\"_blank\">www.jordan-holz.de<\/a> und\/oder <a href=\"http:\/\/www.geiger-gh.de\" target=\"_blank\">www.geiger-gh.de<\/a><\/p>\n<p><strong><em>Daf\u00fcr garantieren wir mit unserem guten Namen, Ihre Schreinerei V\u00e4th &amp; Team <\/em><\/strong><\/p>\n<p><strong><em>Terminvereinbarung f\u00fcr ein kostenfreies Erstgespr\u00e4ch:<br \/> Tel 09394\/2200, Mail <a href=\"mailto:info@schreinerei-vaeth.de\">info@schreinerei-vaeth.de<\/a><br \/> oder per <a href=\"https:\/\/schreinerei-vaeth.de\/objekteinrichtungen\/kontakt\/\">Kontaktformular<\/a><\/em><\/strong><\/p>\n<\/div>\n<\/div><\/div><\/div><\/div><div id=\"pg-1286-2\"  class=\"panel-grid panel-no-style\" ><div id=\"pgc-1286-2-0\"  class=\"panel-grid-cell\" ><div id=\"panel-1286-2-0-0\" class=\"so-panel widget widget_sow-editor panel-first-child panel-last-child\" data-index=\"3\" ><div\n\t\t\t\n\t\t\tclass=\"so-widget-sow-editor so-widget-sow-editor-base\"\n\t\t\t\n\t\t>\n<div class=\"siteorigin-widget-tinymce textwidget\">\n\t<div id='gallery-1' class='gallery galleryid-1286 gallery-columns-5 gallery-size-thumbnail'><figure class='gallery-item'>\n\t\t\t<div class='gallery-icon landscape'>\n\t\t\t\t<a href='https:\/\/schreinerei-vaeth.de\/objekteinrichtungen\/wp-content\/uploads\/sites\/5\/2017\/02\/Fotolia_61668776_Subscription_Monthly_M.jpg'><img loading=\"lazy\" decoding=\"async\" width=\"150\" height=\"150\" src=\"https:\/\/schreinerei-vaeth.de\/objekteinrichtungen\/wp-content\/uploads\/sites\/5\/2017\/02\/Fotolia_61668776_Subscription_Monthly_M-150x150.jpg\" class=\"attachment-thumbnail size-thumbnail\" alt=\"\" srcset=\"https:\/\/schreinerei-vaeth.de\/objekteinrichtungen\/wp-content\/uploads\/sites\/5\/2017\/02\/Fotolia_61668776_Subscription_Monthly_M-150x150.jpg 150w, https:\/\/schreinerei-vaeth.de\/objekteinrichtungen\/wp-content\/uploads\/sites\/5\/2017\/02\/Fotolia_61668776_Subscription_Monthly_M-45x45.jpg 45w\" sizes=\"(max-width: 150px) 100vw, 150px\" \/><\/a>\n\t\t\t<\/div><\/figure><figure class='gallery-item'>\n\t\t\t<div class='gallery-icon landscape'>\n\t\t\t\t<a href='https:\/\/schreinerei-vaeth.de\/objekteinrichtungen\/wp-content\/uploads\/sites\/5\/2017\/02\/Fotolia_94904946_Subscription_Monthly_M.jpg'><img loading=\"lazy\" decoding=\"async\" width=\"150\" height=\"150\" src=\"https:\/\/schreinerei-vaeth.de\/objekteinrichtungen\/wp-content\/uploads\/sites\/5\/2017\/02\/Fotolia_94904946_Subscription_Monthly_M-150x150.jpg\" class=\"attachment-thumbnail size-thumbnail\" alt=\"\" srcset=\"https:\/\/schreinerei-vaeth.de\/objekteinrichtungen\/wp-content\/uploads\/sites\/5\/2017\/02\/Fotolia_94904946_Subscription_Monthly_M-150x150.jpg 150w, https:\/\/schreinerei-vaeth.de\/objekteinrichtungen\/wp-content\/uploads\/sites\/5\/2017\/02\/Fotolia_94904946_Subscription_Monthly_M-45x45.jpg 45w\" sizes=\"(max-width: 150px) 100vw, 150px\" \/><\/a>\n\t\t\t<\/div><\/figure><figure class='gallery-item'>\n\t\t\t<div class='gallery-icon landscape'>\n\t\t\t\t<a href='https:\/\/schreinerei-vaeth.de\/objekteinrichtungen\/wp-content\/uploads\/sites\/5\/2017\/02\/Fotolia_81370837_Subscription_Monthly_M.jpg'><img loading=\"lazy\" decoding=\"async\" width=\"150\" height=\"150\" src=\"https:\/\/schreinerei-vaeth.de\/objekteinrichtungen\/wp-content\/uploads\/sites\/5\/2017\/02\/Fotolia_81370837_Subscription_Monthly_M-150x150.jpg\" class=\"attachment-thumbnail size-thumbnail\" alt=\"\" srcset=\"https:\/\/schreinerei-vaeth.de\/objekteinrichtungen\/wp-content\/uploads\/sites\/5\/2017\/02\/Fotolia_81370837_Subscription_Monthly_M-150x150.jpg 150w, https:\/\/schreinerei-vaeth.de\/objekteinrichtungen\/wp-content\/uploads\/sites\/5\/2017\/02\/Fotolia_81370837_Subscription_Monthly_M-45x45.jpg 45w\" sizes=\"(max-width: 150px) 100vw, 150px\" \/><\/a>\n\t\t\t<\/div><\/figure><figure class='gallery-item'>\n\t\t\t<div class='gallery-icon landscape'>\n\t\t\t\t<a href='https:\/\/schreinerei-vaeth.de\/objekteinrichtungen\/wp-content\/uploads\/sites\/5\/2017\/02\/Fotolia_86045178_Subscription_Monthly_M.jpg'><img loading=\"lazy\" decoding=\"async\" width=\"150\" height=\"150\" src=\"https:\/\/schreinerei-vaeth.de\/objekteinrichtungen\/wp-content\/uploads\/sites\/5\/2017\/02\/Fotolia_86045178_Subscription_Monthly_M-150x150.jpg\" class=\"attachment-thumbnail size-thumbnail\" alt=\"\" srcset=\"https:\/\/schreinerei-vaeth.de\/objekteinrichtungen\/wp-content\/uploads\/sites\/5\/2017\/02\/Fotolia_86045178_Subscription_Monthly_M-150x150.jpg 150w, https:\/\/schreinerei-vaeth.de\/objekteinrichtungen\/wp-content\/uploads\/sites\/5\/2017\/02\/Fotolia_86045178_Subscription_Monthly_M-45x45.jpg 45w\" sizes=\"(max-width: 150px) 100vw, 150px\" \/><\/a>\n\t\t\t<\/div><\/figure><figure class='gallery-item'>\n\t\t\t<div class='gallery-icon landscape'>\n\t\t\t\t<a href='https:\/\/schreinerei-vaeth.de\/objekteinrichtungen\/wp-content\/uploads\/sites\/5\/2020\/03\/20180413_102405.jpg'><img loading=\"lazy\" decoding=\"async\" width=\"150\" height=\"150\" src=\"https:\/\/schreinerei-vaeth.de\/objekteinrichtungen\/wp-content\/uploads\/sites\/5\/2020\/03\/20180413_102405-150x150.jpg\" class=\"attachment-thumbnail size-thumbnail\" alt=\"\" srcset=\"https:\/\/schreinerei-vaeth.de\/objekteinrichtungen\/wp-content\/uploads\/sites\/5\/2020\/03\/20180413_102405-150x150.jpg 150w, https:\/\/schreinerei-vaeth.de\/objekteinrichtungen\/wp-content\/uploads\/sites\/5\/2020\/03\/20180413_102405-45x45.jpg 45w\" sizes=\"(max-width: 150px) 100vw, 150px\" \/><\/a>\n\t\t\t<\/div><\/figure>\n\t\t<\/div>\n\n<p>&nbsp;<\/p>\n<\/div>\n<\/div><\/div><\/div><\/div><\/div>","protected":false},"excerpt":{"rendered":"<p>Bei der Neugestaltung von R\u00e4umlichkeiten sollte auch der Bodenbelag auf keinen Fall vergessen werden. Mit einem individuell nach Ihren W\u00fcnschen und Vorstellungen gestalteten Boden kommt Ihr ganz pers\u00f6nlicher Stil zur Geltung, denn R\u00e4ume sind mehr<a class=\"read-more\" href=\"https:\/\/schreinerei-vaeth.de\/objekteinrichtungen\/bodenbelaege\/\"><\/a><\/p>\n","protected":false},"author":1,"featured_media":0,"parent":0,"menu_order":0,"comment_status":"closed","ping_status":"closed","template":"page-templates\/page_fullwidth.php","meta":{"footnotes":""},"yoast_head":"<!-- This site is optimized with the Yoast SEO plugin v22.5 - https:\/\/yoast.com\/wordpress\/plugins\/seo\/ -->\n<title>Bodenbel\u00e4ge - Fu\u00dfboden - Schreinerei V\u00e4th in Esselbach<\/title>\n<meta name=\"description\" content=\"Ein gro\u00dfer Faktor f\u00fcr den Wohlf\u00fchcharakter Ihres Zuhauses ist der Fu\u00dfboden. Von Teppich bis Parkett - wir finden f\u00fcr Ihren Fu\u00dfboden die optimale L\u00f6sung.\" \/>\n<meta name=\"robots\" content=\"index, follow, max-snippet:-1, max-image-preview:large, max-video-preview:-1\" \/>\n<link rel=\"canonical\" href=\"https:\/\/schreinerei-vaeth.de\/objekteinrichtungen\/bodenbelaege\/\" \/>\n<meta property=\"og:locale\" content=\"de_DE\" \/>\n<meta property=\"og:type\" content=\"article\" \/>\n<meta property=\"og:title\" content=\"Bodenbel\u00e4ge - Fu\u00dfboden - Schreinerei V\u00e4th in Esselbach\" \/>\n<meta property=\"og:description\" content=\"Ein gro\u00dfer Faktor f\u00fcr den Wohlf\u00fchcharakter Ihres Zuhauses ist der Fu\u00dfboden. Von Teppich bis Parkett - wir finden f\u00fcr Ihren Fu\u00dfboden die optimale L\u00f6sung.\" \/>\n<meta property=\"og:url\" content=\"https:\/\/schreinerei-vaeth.de\/objekteinrichtungen\/bodenbelaege\/\" \/>\n<meta property=\"og:site_name\" content=\"Schreinerei V\u00e4th - Objekteinrichtungen\" \/>\n<meta property=\"article:modified_time\" content=\"2020-03-31T16:26:26+00:00\" \/>\n<meta property=\"og:image\" content=\"https:\/\/schreinerei-vaeth.de\/objekteinrichtungen\/wp-content\/uploads\/sites\/5\/2017\/02\/Fotolia_61668776_Subscription_Monthly_M-150x150.jpg\" \/>\n<meta name=\"twitter:card\" content=\"summary_large_image\" \/>\n<meta name=\"twitter:label1\" content=\"Gesch\u00e4tzte Lesezeit\" \/>\n\t<meta name=\"twitter:data1\" content=\"1\u00a0Minute\" \/>\n<script type=\"application\/ld+json\" class=\"yoast-schema-graph\">{\"@context\":\"https:\/\/schema.org\",\"@graph\":[{\"@type\":\"WebPage\",\"@id\":\"https:\/\/schreinerei-vaeth.de\/objekteinrichtungen\/bodenbelaege\/\",\"url\":\"https:\/\/schreinerei-vaeth.de\/objekteinrichtungen\/bodenbelaege\/\",\"name\":\"Bodenbel\u00e4ge - Fu\u00dfboden - Schreinerei V\u00e4th in Esselbach\",\"isPartOf\":{\"@id\":\"https:\/\/schreinerei-vaeth.de\/objekteinrichtungen\/#website\"},\"primaryImageOfPage\":{\"@id\":\"https:\/\/schreinerei-vaeth.de\/objekteinrichtungen\/bodenbelaege\/#primaryimage\"},\"image\":{\"@id\":\"https:\/\/schreinerei-vaeth.de\/objekteinrichtungen\/bodenbelaege\/#primaryimage\"},\"thumbnailUrl\":\"http:\/\/empathieweb.de\/klavae\/objekteinrichtungen\/wp-content\/uploads\/sites\/5\/2017\/02\/Fotolia_61668776_Subscription_Monthly_M.jpg\",\"datePublished\":\"2017-02-09T10:13:04+00:00\",\"dateModified\":\"2020-03-31T16:26:26+00:00\",\"description\":\"Ein gro\u00dfer Faktor f\u00fcr den Wohlf\u00fchcharakter Ihres Zuhauses ist der Fu\u00dfboden. Von Teppich bis Parkett - wir finden f\u00fcr Ihren Fu\u00dfboden die optimale L\u00f6sung.\",\"breadcrumb\":{\"@id\":\"https:\/\/schreinerei-vaeth.de\/objekteinrichtungen\/bodenbelaege\/#breadcrumb\"},\"inLanguage\":\"de\",\"potentialAction\":[{\"@type\":\"ReadAction\",\"target\":[\"https:\/\/schreinerei-vaeth.de\/objekteinrichtungen\/bodenbelaege\/\"]}]},{\"@type\":\"ImageObject\",\"inLanguage\":\"de\",\"@id\":\"https:\/\/schreinerei-vaeth.de\/objekteinrichtungen\/bodenbelaege\/#primaryimage\",\"url\":\"http:\/\/empathieweb.de\/klavae\/objekteinrichtungen\/wp-content\/uploads\/sites\/5\/2017\/02\/Fotolia_61668776_Subscription_Monthly_M.jpg\",\"contentUrl\":\"http:\/\/empathieweb.de\/klavae\/objekteinrichtungen\/wp-content\/uploads\/sites\/5\/2017\/02\/Fotolia_61668776_Subscription_Monthly_M.jpg\"},{\"@type\":\"BreadcrumbList\",\"@id\":\"https:\/\/schreinerei-vaeth.de\/objekteinrichtungen\/bodenbelaege\/#breadcrumb\",\"itemListElement\":[{\"@type\":\"ListItem\",\"position\":1,\"name\":\"Startseite\",\"item\":\"https:\/\/schreinerei-vaeth.de\/objekteinrichtungen\/\"},{\"@type\":\"ListItem\",\"position\":2,\"name\":\"Bodenbel\u00e4ge\"}]},{\"@type\":\"WebSite\",\"@id\":\"https:\/\/schreinerei-vaeth.de\/objekteinrichtungen\/#website\",\"url\":\"https:\/\/schreinerei-vaeth.de\/objekteinrichtungen\/\",\"name\":\"Schreinerei V\u00e4th - Objekteinrichtungen\",\"description\":\"\",\"potentialAction\":[{\"@type\":\"SearchAction\",\"target\":{\"@type\":\"EntryPoint\",\"urlTemplate\":\"https:\/\/schreinerei-vaeth.de\/objekteinrichtungen\/?s={search_term_string}\"},\"query-input\":\"required name=search_term_string\"}],\"inLanguage\":\"de\"}]}<\/script>\n<!-- \/ Yoast SEO plugin. -->","yoast_head_json":{"title":"Bodenbel\u00e4ge - Fu\u00dfboden - Schreinerei V\u00e4th in Esselbach","description":"Ein gro\u00dfer Faktor f\u00fcr den Wohlf\u00fchcharakter Ihres Zuhauses ist der Fu\u00dfboden. Von Teppich bis Parkett - wir finden f\u00fcr Ihren Fu\u00dfboden die optimale L\u00f6sung.","robots":{"index":"index","follow":"follow","max-snippet":"max-snippet:-1","max-image-preview":"max-image-preview:large","max-video-preview":"max-video-preview:-1"},"canonical":"https:\/\/schreinerei-vaeth.de\/objekteinrichtungen\/bodenbelaege\/","og_locale":"de_DE","og_type":"article","og_title":"Bodenbel\u00e4ge - Fu\u00dfboden - Schreinerei V\u00e4th in Esselbach","og_description":"Ein gro\u00dfer Faktor f\u00fcr den Wohlf\u00fchcharakter Ihres Zuhauses ist der Fu\u00dfboden. Von Teppich bis Parkett - wir finden f\u00fcr Ihren Fu\u00dfboden die optimale L\u00f6sung.","og_url":"https:\/\/schreinerei-vaeth.de\/objekteinrichtungen\/bodenbelaege\/","og_site_name":"Schreinerei V\u00e4th - Objekteinrichtungen","article_modified_time":"2020-03-31T16:26:26+00:00","og_image":[{"url":"https:\/\/schreinerei-vaeth.de\/objekteinrichtungen\/wp-content\/uploads\/sites\/5\/2017\/02\/Fotolia_61668776_Subscription_Monthly_M-150x150.jpg"}],"twitter_card":"summary_large_image","twitter_misc":{"Gesch\u00e4tzte Lesezeit":"1\u00a0Minute"},"schema":{"@context":"https:\/\/schema.org","@graph":[{"@type":"WebPage","@id":"https:\/\/schreinerei-vaeth.de\/objekteinrichtungen\/bodenbelaege\/","url":"https:\/\/schreinerei-vaeth.de\/objekteinrichtungen\/bodenbelaege\/","name":"Bodenbel\u00e4ge - Fu\u00dfboden - Schreinerei V\u00e4th in Esselbach","isPartOf":{"@id":"https:\/\/schreinerei-vaeth.de\/objekteinrichtungen\/#website"},"primaryImageOfPage":{"@id":"https:\/\/schreinerei-vaeth.de\/objekteinrichtungen\/bodenbelaege\/#primaryimage"},"image":{"@id":"https:\/\/schreinerei-vaeth.de\/objekteinrichtungen\/bodenbelaege\/#primaryimage"},"thumbnailUrl":"http:\/\/empathieweb.de\/klavae\/objekteinrichtungen\/wp-content\/uploads\/sites\/5\/2017\/02\/Fotolia_61668776_Subscription_Monthly_M.jpg","datePublished":"2017-02-09T10:13:04+00:00","dateModified":"2020-03-31T16:26:26+00:00","description":"Ein gro\u00dfer Faktor f\u00fcr den Wohlf\u00fchcharakter Ihres Zuhauses ist der Fu\u00dfboden. Von Teppich bis Parkett - wir finden f\u00fcr Ihren Fu\u00dfboden die optimale L\u00f6sung.","breadcrumb":{"@id":"https:\/\/schreinerei-vaeth.de\/objekteinrichtungen\/bodenbelaege\/#breadcrumb"},"inLanguage":"de","potentialAction":[{"@type":"ReadAction","target":["https:\/\/schreinerei-vaeth.de\/objekteinrichtungen\/bodenbelaege\/"]}]},{"@type":"ImageObject","inLanguage":"de","@id":"https:\/\/schreinerei-vaeth.de\/objekteinrichtungen\/bodenbelaege\/#primaryimage","url":"http:\/\/empathieweb.de\/klavae\/objekteinrichtungen\/wp-content\/uploads\/sites\/5\/2017\/02\/Fotolia_61668776_Subscription_Monthly_M.jpg","contentUrl":"http:\/\/empathieweb.de\/klavae\/objekteinrichtungen\/wp-content\/uploads\/sites\/5\/2017\/02\/Fotolia_61668776_Subscription_Monthly_M.jpg"},{"@type":"BreadcrumbList","@id":"https:\/\/schreinerei-vaeth.de\/objekteinrichtungen\/bodenbelaege\/#breadcrumb","itemListElement":[{"@type":"ListItem","position":1,"name":"Startseite","item":"https:\/\/schreinerei-vaeth.de\/objekteinrichtungen\/"},{"@type":"ListItem","position":2,"name":"Bodenbel\u00e4ge"}]},{"@type":"WebSite","@id":"https:\/\/schreinerei-vaeth.de\/objekteinrichtungen\/#website","url":"https:\/\/schreinerei-vaeth.de\/objekteinrichtungen\/","name":"Schreinerei V\u00e4th - Objekteinrichtungen","description":"","potentialAction":[{"@type":"SearchAction","target":{"@type":"EntryPoint","urlTemplate":"https:\/\/schreinerei-vaeth.de\/objekteinrichtungen\/?s={search_term_string}"},"query-input":"required name=search_term_string"}],"inLanguage":"de"}]}},"publishpress_future_action":{"enabled":false,"date":"2026-05-19 22:35:02","action":"change-status","newStatus":"draft","terms":[],"taxonomy":""},"_links":{"self":[{"href":"https:\/\/schreinerei-vaeth.de\/objekteinrichtungen\/wp-json\/wp\/v2\/pages\/1286"}],"collection":[{"href":"https:\/\/schreinerei-vaeth.de\/objekteinrichtungen\/wp-json\/wp\/v2\/pages"}],"about":[{"href":"https:\/\/schreinerei-vaeth.de\/objekteinrichtungen\/wp-json\/wp\/v2\/types\/page"}],"author":[{"embeddable":true,"href":"https:\/\/schreinerei-vaeth.de\/objekteinrichtungen\/wp-json\/wp\/v2\/users\/1"}],"replies":[{"embeddable":true,"href":"https:\/\/schreinerei-vaeth.de\/objekteinrichtungen\/wp-json\/wp\/v2\/comments?post=1286"}],"version-history":[{"count":4,"href":"https:\/\/schreinerei-vaeth.de\/objekteinrichtungen\/wp-json\/wp\/v2\/pages\/1286\/revisions"}],"predecessor-version":[{"id":1518,"href":"https:\/\/schreinerei-vaeth.de\/objekteinrichtungen\/wp-json\/wp\/v2\/pages\/1286\/revisions\/1518"}],"wp:attachment":[{"href":"https:\/\/schreinerei-vaeth.de\/objekteinrichtungen\/wp-json\/wp\/v2\/media?parent=1286"}],"curies":[{"name":"wp","href":"https:\/\/api.w.org\/{rel}","templated":true}]}}